{"id":2428,"date":"2024-12-05T15:20:08","date_gmt":"2024-12-05T14:20:08","guid":{"rendered":"https:\/\/gewohnter-wandel.de\/person\/dr-des-kathrin-meissner\/"},"modified":"2025-05-22T22:31:49","modified_gmt":"2025-05-22T20:31:49","slug":"dr-des-kathrin-meissner","status":"publish","type":"person","link":"https:\/\/gewohnter-wandel.de\/en\/person\/dr-des-kathrin-meissner\/","title":{"rendered":"Dr. des. Kathrin Mei\u00dfner"},"content":{"rendered":"\n<h2 class=\"wp-block-heading\">Short CV<\/h2>\n\n<ul class=\"wp-block-list\">\n<li>since 2024 Scientific Coordination of the DFG Research Training Group 2892 \u201eSocietal Transformation and Spatial Materialisation of Housing\u201c<\/li>\n\n\n\n<li>2024 Dr phil. in Historical Urban Studies \u2018Stadterneuerung als sozialistischer Aushandlungsprozess? Anspruch und Realit\u00e4t an Kommunikation am Beispiel Prenzlauer Berg 1971\u20131989\u2018 at the Center for Metropolitan Studies\/Technische Universit\u00e4t Berlin <\/li>\n\n\n\n<li>since 2020 Editorial board member of \u2018Stadtgeschichte(n)\u2019 der Gesellschaft f\u00fcr Stadtgeschichte und Urbanisierungsforschung (GSU)<\/li>\n\n\n\n<li>2019 Guest Researcher at the Center for Urban History\/University of Leicester<\/li>\n\n\n\n<li>2017\u20132020 Research assistant on the SAW research project \u2018MedPlan &#8211; The Mediatisation of Urban Development Planning and Changes to the Public Sphere\u2018at the Leibniz Institute for Research on Society and Space (IRS)<\/li>\n\n\n\n<li>2017 Research assistant on the DFG research project \u2018St\u00e4dtebau unter Franco und Salazar\u201c at the Technical University of Berlin<\/li>\n\n\n\n<li>2016 Research assistant on the archive project of the Federal Foundation for the Study of the Communist Dictatorship in Germany \u201eReformans\u00e4tze im DDR-Bauwesen? Zug\u00e4nglichmachung und Vermittlung einschl\u00e4giger Archivbest\u00e4nde\u201c at the Leibniz Institute for Spatial Social Research (IRS)<\/li>\n\n\n\n<li>2015 M.A. Modern History at the Freie Universit\u00e4t Berlin<\/li>\n\n\n\n<li>2012 B.A. History, Human Geography at the Friedrich Schiller University Jena<\/li>\n<\/ul>\n\n<h2 class=\"wp-block-heading\">Research focus<\/h2>\n\n<ul class=\"wp-block-list\">\n<li>socialist planning culture<\/li>\n\n\n\n<li>visual and communicative negotiation processes around urban design<\/li>\n\n\n\n<li>history of planning\/urban renewal<\/li>\n\n\n\n<li>GDR social history<\/li>\n\n\n\n<li>practices of spatial appropriation<\/li>\n<\/ul>\n\n<h2 class=\"wp-block-heading\">Recent projects<\/h2>\n\n<ul class=\"wp-block-list\">\n<li>strategies for equality and equal opportunities in the academic context<\/li>\n\n\n\n<li>labour law in university structures<\/li>\n\n\n\n<li>awareness raising for work cultures against abuse of power<\/li>\n<\/ul>\n","protected":false},"excerpt":{"rendered":"<p>Short CV Research focus Recent projects<\/p>\n","protected":false},"featured_media":1829,"template":"","meta":{"_acf_changed":false,"footnotes":""},"person_category":[108,118],"class_list":["post-2428","person","type-person","status-publish","has-post-thumbnail","hentry","person_category-coordination","person_category-management"],"acf":[],"_links":{"self":[{"href":"https:\/\/gewohnter-wandel.de\/en\/wp-json\/wp\/v2\/person\/2428","targetHints":{"allow":["GET"]}}],"collection":[{"href":"https:\/\/gewohnter-wandel.de\/en\/wp-json\/wp\/v2\/person"}],"about":[{"href":"https:\/\/gewohnter-wandel.de\/en\/wp-json\/wp\/v2\/types\/person"}],"version-history":[{"count":0,"href":"https:\/\/gewohnter-wandel.de\/en\/wp-json\/wp\/v2\/person\/2428\/revisions"}],"wp:featuredmedia":[{"embeddable":true,"href":"https:\/\/gewohnter-wandel.de\/en\/wp-json\/wp\/v2\/media\/1829"}],"wp:attachment":[{"href":"https:\/\/gewohnter-wandel.de\/en\/wp-json\/wp\/v2\/media?parent=2428"}],"wp:term":[{"taxonomy":"person_category","embeddable":true,"href":"https:\/\/gewohnter-wandel.de\/en\/wp-json\/wp\/v2\/person_category?post=2428"}],"curies":[{"name":"wp","href":"https:\/\/api.w.org\/{rel}","templated":true}]}}

Dr. des. Kathrin Meißner

<h2 class="wp-block-heading">Short CV</h2>

<ul class="wp-block-list">
<li>since 2024 Scientific Coordination of the DFG Research Training Group 2892 „Societal Transformation and Spatial Materialisation of Housing“</li>



<li>2024 Dr phil. in Historical Urban Studies ‘Stadterneuerung als sozialistischer Aushandlungsprozess? Anspruch und Realität an Kommunikation am Beispiel Prenzlauer Berg 1971–1989‘ at the Center for Metropolitan Studies/Technische Universität Berlin </li>



<li>since 2020 Editorial board member of ‘Stadtgeschichte(n)’ der Gesellschaft für Stadtgeschichte und Urbanisierungsforschung (GSU)</li>



<li>2019 Guest Researcher at the Center for Urban History/University of Leicester</li>



<li>2017–2020 Research assistant on the SAW research project ‘MedPlan &#8211; The Mediatisation of Urban Development Planning and Changes to the Public Sphere‘at the Leibniz Institute for Research on Society and Space (IRS)</li>



<li>2017 Research assistant on the DFG research project ‘Städtebau unter Franco und Salazar“ at the Technical University of Berlin</li>



<li>2016 Research assistant on the archive project of the Federal Foundation for the Study of the Communist Dictatorship in Germany „Reformansätze im DDR-Bauwesen? Zugänglichmachung und Vermittlung einschlägiger Archivbestände“ at the Leibniz Institute for Spatial Social Research (IRS)</li>



<li>2015 M.A. Modern History at the Freie Universität Berlin</li>



<li>2012 B.A. History, Human Geography at the Friedrich Schiller University Jena</li>
</ul>

<h2 class="wp-block-heading">Research focus</h2>

<ul class="wp-block-list">
<li>socialist planning culture</li>



<li>visual and communicative negotiation processes around urban design</li>



<li>history of planning/urban renewal</li>



<li>GDR social history</li>



<li>practices of spatial appropriation</li>
</ul>

<h2 class="wp-block-heading">Recent projects</h2>

<ul class="wp-block-list">
<li>strategies for equality and equal opportunities in the academic context</li>



<li>labour law in university structures</li>



<li>awareness raising for work cultures against abuse of power</li>
</ul>
