{"id":3739,"date":"2025-07-22T11:24:49","date_gmt":"2025-07-22T09:24:49","guid":{"rendered":"https:\/\/gewohnter-wandel.de\/person\/johanna-betz\/"},"modified":"2025-10-01T14:51:48","modified_gmt":"2025-10-01T12:51:48","slug":"johanna-betz","status":"publish","type":"person","link":"https:\/\/gewohnter-wandel.de\/en\/person\/johanna-betz\/","title":{"rendered":"Johanna Betz"},"content":{"rendered":"\n<h2 class=\"wp-block-heading\">Short CV<\/h2>\n\n\n\n<p>Johanna Betz is currently working as a PostDoc-researcher at the Institute of Human Geography at the Goethe-University Frankfurt.<\/p>\n\n\n\n<p>In April 2025, she finished her PhD on \u201eInfrastructural conflicts on housing affordabilty. Local Housing Regimes in T\u00fcbingen, Frankfurt am Main und Dresden\u201c. Prior, she worked as a research assistant at the Institute for Political Science at the University of T\u00fcbingen. She studied Geography at the Freie Universit\u00e4t Berlin, the Goethe-Universit\u00e4t Frankfurt and the Universidad Nacional de Colombia in Bogot\u00e1.  <\/p>\n\n\n\n<h2 class=\"wp-block-heading\">Research focus<\/h2>\n\n\n\n<p>Johanna Betz conducts research on housing and public infrastructure from a political-economic and semiotic-discursive perspective and deals with the transformation of statehood. In her dissertation, she examined housing policy power relations as well as blockade and innovation dynamics at the municipal level in the interaction between the housing industry, politics, administration, and civil society. She also examined the (lack of) influence of tenants with different experiences of marginalization on housing policy negotiation processes. The aim of her analyses is to help identify the challenges and options for action associated with social transformation processes for the development and implementation of progressive housing policy innovations.   <\/p>\n\n\n\n<h2 class=\"wp-block-heading\">Recent projects<\/h2>\n\n\n\n<ul class=\"wp-block-list\">\n<li>2025: Housing politics at the state level of Baden-W\u00fcrttemberg<\/li>\n<\/ul>\n\n\n\n<h2 class=\"wp-block-heading\">Publications on housing<\/h2>\n\n\n\n<ul class=\"wp-block-list\">\n<li>Betz, Johanna (2023): Staatliche Strategien gegen Wohnungsnot. In: Johanna Betz, Hans-J\u00fcrgen Bieling, Andrea Futterer, Matthias M\u00f6hring-Hesse und Melanie Nagel (Hg.): <a href=\"https:\/\/www.transcript-verlag.de\/978-3-8376-6742-4\/konflikte-um-infrastrukturen\/?c=310000023\" target=\"_blank\" rel=\"noopener\">Konflikte um Infrastrukturen. \u00d6ffentliche Debatten und politische Konzepte<\/a>. 1. Auflage. Bielefeld: transcript (Edition Politik, 154), S. 101\u2013126.   <\/li>\n\n\n\n<li>Betz, Johanna (2023): Diskursive Resonanzen auf die R\u00fcckkehr der Wohnungsfrage. In: Johanna Betz, Hans-J\u00fcrgen Bieling, Andrea Futterer, Matthias M\u00f6hring-Hesse und Melanie Nagel (Hg.): Konflikte um Infrastrukturen. \u00d6ffentliche Debatten und politische Konzepte. 1. Auflage. Bielefeld: transcript (Edition Politik, 154), S. 29\u201352.     <\/li>\n\n\n\n<li>Betz, Johanna (2023): Die Frankfurter Sommerschule \u201eKritische Wohnungsforschung\u201c. In: <em>sub\\urban. zeitschrift f\u00fcr kritische stadtforschung<\/em> 11 (1\/2), S. 341\u2013346.  <\/li>\n\n\n\n<li>Betz, Johanna (2022): Zwischen Marktgl\u00e4ubigkeit und Vergesellschaftung: Wer gestaltet Wohnungspolitik?, in: <em>B\u00fcrger &amp; Staat Heft 1-2\/2022:<\/em> \u00d6ffentliche Infrastrukturen. Die politische Gestaltung der vernetzten Gesellschaft. S. 43-49. <a href=\"https:\/\/www.lpb-bw.de\/publikation-anzeige?tt_products%5BbackPID%5D=2456&amp;tt_products%5Bproduct%5D=3601&amp;cHash=8f5daaa9137b16fce4576909c3d872ff\" target=\"_blank\" rel=\"noreferrer noopener\">zum Heft der LpB BaW\u00fc<\/a><\/li>\n\n\n\n<li>Betz, Johanna; Keitzel, Svenja; Schardt, J\u00fcrgen; Schipper, Sebastian; Schmitt Pac\u00edfico, Sara; Wiegand, Felix (Hg.) (2021): <a href=\"https:\/\/www.transcript-verlag.de\/978-3-8376-5477-6\/frankfurt-am-main-eine-stadt-fuer-alle\/\" target=\"_blank\" rel=\"noreferrer noopener\">Frankfurt am Main \u2013 eine Stadt f\u00fcr alle? Konfliktfelder, Orte und soziale K\u00e4mpfe.<\/a> 1. Auflage. Bielefeld: transcript (Urban Studies).  <\/li>\n\n\n\n<li>Albrecht, Tjark; Betz, Johanna; Latocha, Tabea (2021): Gentrifizierung im Gallus. Ein polit-\u00f6konomischer Spaziergang durch das ehemalige Arbeiter*innenviertel. In: Johanna Betz, Svenja Keitzel, J\u00fcrgen Schardt, Sebastian Schipper, Sara Schmitt Pac\u00edfico und Felix Wiegand (Hg.): Frankfurt am Main \u2013 eine Stadt f\u00fcr alle? Konfliktfelder, Orte und soziale K\u00e4mpfe. 1. Auflage. Bielefeld: transcript (Urban Studies).      <\/li>\n<\/ul>\n","protected":false},"excerpt":{"rendered":"<p>Short CV Johanna Betz is currently working as a PostDoc-researcher at the Institute of Human Geography at the Goethe-University Frankfurt. In April 2025, she finished her PhD on \u201eInfrastructural conflicts on housing affordabilty. Local Housing Regimes in T\u00fcbingen, Frankfurt am Main und Dresden\u201c. Prior, she worked as a research assistant at the Institute for Political [&hellip;]<\/p>\n","protected":false},"featured_media":3736,"template":"","meta":{"_acf_changed":false,"footnotes":""},"person_category":[114],"class_list":["post-3739","person","type-person","status-publish","has-post-thumbnail","hentry","person_category-associated-members"],"acf":[],"_links":{"self":[{"href":"https:\/\/gewohnter-wandel.de\/en\/wp-json\/wp\/v2\/person\/3739","targetHints":{"allow":["GET"]}}],"collection":[{"href":"https:\/\/gewohnter-wandel.de\/en\/wp-json\/wp\/v2\/person"}],"about":[{"href":"https:\/\/gewohnter-wandel.de\/en\/wp-json\/wp\/v2\/types\/person"}],"version-history":[{"count":0,"href":"https:\/\/gewohnter-wandel.de\/en\/wp-json\/wp\/v2\/person\/3739\/revisions"}],"wp:featuredmedia":[{"embeddable":true,"href":"https:\/\/gewohnter-wandel.de\/en\/wp-json\/wp\/v2\/media\/3736"}],"wp:attachment":[{"href":"https:\/\/gewohnter-wandel.de\/en\/wp-json\/wp\/v2\/media?parent=3739"}],"wp:term":[{"taxonomy":"person_category","embeddable":true,"href":"https:\/\/gewohnter-wandel.de\/en\/wp-json\/wp\/v2\/person_category?post=3739"}],"curies":[{"name":"wp","href":"https:\/\/api.w.org\/{rel}","templated":true}]}}

<h2 class="wp-block-heading">Short CV</h2>



<p>Johanna Betz is currently working as a PostDoc-researcher at the Institute of Human Geography at the Goethe-University Frankfurt.</p>



<p>In April 2025, she finished her PhD on „Infrastructural conflicts on housing affordabilty. Local Housing Regimes in Tübingen, Frankfurt am Main und Dresden“. Prior, she worked as a research assistant at the Institute for Political Science at the University of Tübingen. She studied Geography at the Freie Universität Berlin, the Goethe-Universität Frankfurt and the Universidad Nacional de Colombia in Bogotá.  </p>



<h2 class="wp-block-heading">Research focus</h2>



<p>Johanna Betz conducts research on housing and public infrastructure from a political-economic and semiotic-discursive perspective and deals with the transformation of statehood. In her dissertation, she examined housing policy power relations as well as blockade and innovation dynamics at the municipal level in the interaction between the housing industry, politics, administration, and civil society. She also examined the (lack of) influence of tenants with different experiences of marginalization on housing policy negotiation processes. The aim of her analyses is to help identify the challenges and options for action associated with social transformation processes for the development and implementation of progressive housing policy innovations.   </p>



<h2 class="wp-block-heading">Recent projects</h2>



<ul class="wp-block-list">
<li>2025: Housing politics at the state level of Baden-Württemberg</li>
</ul>



<h2 class="wp-block-heading">Publications on housing</h2>



<ul class="wp-block-list">
<li>Betz, Johanna (2023): Staatliche Strategien gegen Wohnungsnot. In: Johanna Betz, Hans-Jürgen Bieling, Andrea Futterer, Matthias Möhring-Hesse und Melanie Nagel (Hg.): <a href="https://www.transcript-verlag.de/978-3-8376-6742-4/konflikte-um-infrastrukturen/?c=310000023" target="_blank" rel="noopener">Konflikte um Infrastrukturen. Öffentliche Debatten und politische Konzepte</a>. 1. Auflage. Bielefeld: transcript (Edition Politik, 154), S. 101–126.   </li>



<li>Betz, Johanna (2023): Diskursive Resonanzen auf die Rückkehr der Wohnungsfrage. In: Johanna Betz, Hans-Jürgen Bieling, Andrea Futterer, Matthias Möhring-Hesse und Melanie Nagel (Hg.): Konflikte um Infrastrukturen. Öffentliche Debatten und politische Konzepte. 1. Auflage. Bielefeld: transcript (Edition Politik, 154), S. 29–52.     </li>



<li>Betz, Johanna (2023): Die Frankfurter Sommerschule „Kritische Wohnungsforschung“. In: <em>sub\urban. zeitschrift für kritische stadtforschung</em> 11 (1/2), S. 341–346.  </li>



<li>Betz, Johanna (2022): Zwischen Marktgläubigkeit und Vergesellschaftung: Wer gestaltet Wohnungspolitik?, in: <em>Bürger &amp; Staat Heft 1-2/2022:</em> Öffentliche Infrastrukturen. Die politische Gestaltung der vernetzten Gesellschaft. S. 43-49. <a href="https://www.lpb-bw.de/publikation-anzeige?tt_products%5BbackPID%5D=2456&amp;tt_products%5Bproduct%5D=3601&amp;cHash=8f5daaa9137b16fce4576909c3d872ff" target="_blank" rel="noreferrer noopener">zum Heft der LpB BaWü</a></li>



<li>Betz, Johanna; Keitzel, Svenja; Schardt, Jürgen; Schipper, Sebastian; Schmitt Pacífico, Sara; Wiegand, Felix (Hg.) (2021): <a href="https://www.transcript-verlag.de/978-3-8376-5477-6/frankfurt-am-main-eine-stadt-fuer-alle/" target="_blank" rel="noreferrer noopener">Frankfurt am Main – eine Stadt für alle? Konfliktfelder, Orte und soziale Kämpfe.</a> 1. Auflage. Bielefeld: transcript (Urban Studies).  </li>



<li>Albrecht, Tjark; Betz, Johanna; Latocha, Tabea (2021): Gentrifizierung im Gallus. Ein polit-ökonomischer Spaziergang durch das ehemalige Arbeiter*innenviertel. In: Johanna Betz, Svenja Keitzel, Jürgen Schardt, Sebastian Schipper, Sara Schmitt Pacífico und Felix Wiegand (Hg.): Frankfurt am Main – eine Stadt für alle? Konfliktfelder, Orte und soziale Kämpfe. 1. Auflage. Bielefeld: transcript (Urban Studies).      </li>
</ul>

<p>Short CV Johanna Betz is currently working as a PostDoc-researcher at the Institute of Human Geography at the Goethe-University Frankfurt. In April 2025, she finished her PhD on „Infrastructural conflicts on housing affordabilty. Local Housing Regimes in Tübingen, Frankfurt am Main und Dresden“. Prior, she worked as a research assistant at the Institute for Political [&hellip;]</p>
