{"id":2040,"date":"2025-02-06T15:41:44","date_gmt":"2025-02-06T14:41:44","guid":{"rendered":"https:\/\/gewohnter-wandel.de\/?post_type=publikation&#038;p=2040"},"modified":"2025-09-28T22:43:02","modified_gmt":"2025-09-28T20:43:02","slug":"zielkonflikt-oder-interessenspolitik-der-kampf-um-klimagerechtes-wohnen","status":"publish","type":"publikation","link":"https:\/\/gewohnter-wandel.de\/en\/publikation\/zielkonflikt-oder-interessenspolitik-der-kampf-um-klimagerechtes-wohnen\/","title":{"rendered":"Zielkonflikt oder Interessenspolitik? Der Kampf um klimagerechtes Wohnen"},"content":{"rendered":"\n<p>Soziale und \u00f6kologische Ziele werden vor allem beim Wohnen oft als entgegengesetzt dargestellt und schl\u00e4gt sich in Diskursen, Bauprogrammen, Marktmechanismen und gesetzlichen Regulierungsinstrumenten nieder. F\u00fcr eine gerechtere Verteilung von Wohnraum und f\u00fcr die Sanierung ohne Mieterh\u00f6hung haben sich soziale und \u00f6kologische Akteure zusammengeschlossen und mobilisiert, denen der Beitrag nachgeht.<\/p>\n\n\n\n<p>Mironica, M., &amp; Arendt, R. (2024). Zielkonflikt oder Interessenspolitik? Der Kampf um klimagerechtes Wohnen. <em>Forum Wohnen und Stadtentwicklung, 4<\/em>, 209\u2013212.<\/p>\n\n\n\n<p><\/p>\n","protected":false},"excerpt":{"rendered":"<p>Soziale und \u00f6kologische Ziele werden vor allem beim Wohnen oft als entgegengesetzt dargestellt und schl\u00e4gt sich in Diskursen, Bauprogrammen, Marktmechanismen und gesetzlichen Regulierungsinstrumenten nieder. F\u00fcr eine gerechtere Verteilung von Wohnraum und f\u00fcr die Sanierung ohne Mieterh\u00f6hung haben sich soziale und \u00f6kologische Akteure zusammengeschlossen und mobilisiert, denen der Beitrag nachgeht. Mironica, M., &amp; Arendt, R. (2024). [&hellip;]<\/p>\n","protected":false},"featured_media":0,"template":"","meta":{"_acf_changed":true},"publication_category":[11],"class_list":["post-2040","publikation","type-publikation","status-publish","hentry","publication_category-veroeffentlichungen-der-kollegiatinnen"],"acf":[],"_links":{"self":[{"href":"https:\/\/gewohnter-wandel.de\/en\/wp-json\/wp\/v2\/publikation\/2040","targetHints":{"allow":["GET"]}}],"collection":[{"href":"https:\/\/gewohnter-wandel.de\/en\/wp-json\/wp\/v2\/publikation"}],"about":[{"href":"https:\/\/gewohnter-wandel.de\/en\/wp-json\/wp\/v2\/types\/publikation"}],"wp:attachment":[{"href":"https:\/\/gewohnter-wandel.de\/en\/wp-json\/wp\/v2\/media?parent=2040"}],"wp:term":[{"taxonomy":"publication_category","embeddable":true,"href":"https:\/\/gewohnter-wandel.de\/en\/wp-json\/wp\/v2\/publication_category?post=2040"}],"curies":[{"name":"wp","href":"https:\/\/api.w.org\/{rel}","templated":true}]}}

<p>Soziale und ökologische Ziele werden vor allem beim Wohnen oft als entgegengesetzt dargestellt und schlägt sich in Diskursen, Bauprogrammen, Marktmechanismen und gesetzlichen Regulierungsinstrumenten nieder. Für eine gerechtere Verteilung von Wohnraum und für die Sanierung ohne Mieterhöhung haben sich soziale und ökologische Akteure zusammengeschlossen und mobilisiert, denen der Beitrag nachgeht.</p>



<p>Mironica, M., &amp; Arendt, R. (2024). Zielkonflikt oder Interessenspolitik? Der Kampf um klimagerechtes Wohnen. <em>Forum Wohnen und Stadtentwicklung, 4</em>, 209–212.</p>



<p></p>

<p>Soziale und ökologische Ziele werden vor allem beim Wohnen oft als entgegengesetzt dargestellt und schlägt sich in Diskursen, Bauprogrammen, Marktmechanismen und gesetzlichen Regulierungsinstrumenten nieder. Für eine gerechtere Verteilung von Wohnraum und für die Sanierung ohne Mieterhöhung haben sich soziale und ökologische Akteure zusammengeschlossen und mobilisiert, denen der Beitrag nachgeht. Mironica, M., &amp; Arendt, R. (2024). [&hellip;]</p>
