{"id":2463,"date":"2025-02-11T16:06:18","date_gmt":"2025-02-11T15:06:18","guid":{"rendered":"https:\/\/gewohnter-wandel.de\/?post_type=publikation&#038;p=2463"},"modified":"2025-02-11T16:06:19","modified_gmt":"2025-02-11T15:06:19","slug":"die-kommunale-bodenfrage-hintergrund-und-loesungsstrategien","status":"publish","type":"publikation","link":"https:\/\/gewohnter-wandel.de\/en\/publikation\/die-kommunale-bodenfrage-hintergrund-und-loesungsstrategien\/","title":{"rendered":"Die kommunale Bodenfrage. Hintergrund und L\u00f6sungsstrategien"},"content":{"rendered":"\n<p>Die vorliegende Studie nimmt sich der Problematik vielerorts rasant steigender Grundst\u00fccks- und Immobilienpreise und ihrer Auswirkungen auf die Stadtentwicklung und Wohnraumversorgung an. Ein ma\u00dfgebliches Hindernis f\u00fcr eine an den Bedarfen von Bewohner*innen orientierte Wohnungspolitik wird im Privateigentum an Grund und Boden und dessen profitorientierter Verwertung gesehen.<\/p>\n","protected":false},"excerpt":{"rendered":"<p>Die vorliegende Studie nimmt sich der Problematik vielerorts rasant steigender Grundst\u00fccks- und Immobilienpreise und ihrer Auswirkungen auf die Stadtentwicklung und Wohnraumversorgung an. Ein ma\u00dfgebliches Hindernis f\u00fcr eine an den Bedarfen von Bewohner*innen orientierte Wohnungspolitik wird im Privateigentum an Grund und Boden und dessen profitorientierter Verwertung gesehen.<\/p>\n","protected":false},"featured_media":1928,"template":"","meta":{"_acf_changed":true},"publication_category":[13],"class_list":["post-2463","publikation","type-publikation","status-publish","has-post-thumbnail","hentry","publication_category-veroeffentlichungen-aus-dem-kollegium"],"acf":[],"_links":{"self":[{"href":"https:\/\/gewohnter-wandel.de\/en\/wp-json\/wp\/v2\/publikation\/2463","targetHints":{"allow":["GET"]}}],"collection":[{"href":"https:\/\/gewohnter-wandel.de\/en\/wp-json\/wp\/v2\/publikation"}],"about":[{"href":"https:\/\/gewohnter-wandel.de\/en\/wp-json\/wp\/v2\/types\/publikation"}],"wp:featuredmedia":[{"embeddable":true,"href":"https:\/\/gewohnter-wandel.de\/en\/wp-json\/wp\/v2\/media\/1928"}],"wp:attachment":[{"href":"https:\/\/gewohnter-wandel.de\/en\/wp-json\/wp\/v2\/media?parent=2463"}],"wp:term":[{"taxonomy":"publication_category","embeddable":true,"href":"https:\/\/gewohnter-wandel.de\/en\/wp-json\/wp\/v2\/publication_category?post=2463"}],"curies":[{"name":"wp","href":"https:\/\/api.w.org\/{rel}","templated":true}]}}

Die kommunale Bodenfrage. Hintergrund und Lösungsstrategien

<p>Die vorliegende Studie nimmt sich der Problematik vielerorts rasant steigender Grundstücks- und Immobilienpreise und ihrer Auswirkungen auf die Stadtentwicklung und Wohnraumversorgung an. Ein maßgebliches Hindernis für eine an den Bedarfen von Bewohner*innen orientierte Wohnungspolitik wird im Privateigentum an Grund und Boden und dessen profitorientierter Verwertung gesehen.</p>
