{"id":2465,"date":"2025-02-11T16:52:04","date_gmt":"2025-02-11T15:52:04","guid":{"rendered":"https:\/\/gewohnter-wandel.de\/?post_type=publikation&#038;p=2465"},"modified":"2025-02-11T16:52:05","modified_gmt":"2025-02-11T15:52:05","slug":"drei-zimmer-kueche-diele-bad-eine-wohnung-mit-optionen","status":"publish","type":"publikation","link":"https:\/\/gewohnter-wandel.de\/en\/publikation\/drei-zimmer-kueche-diele-bad-eine-wohnung-mit-optionen\/","title":{"rendered":"Drei Zimmer, K\u00fcche, Diele, Bad. Eine Wohnung mit Optionen."},"content":{"rendered":"\n<p>Das inter- und transdisziplin\u00e4re Forschungsprojekt\u00a0\u00bbDrei Zimmer, K\u00fcche, Diele, Bad. Eine Wohnung mit Optionen\u00ab\u00a0formuliert und verhandelt Fragen an das Wohnen in der Zukunft anhand der Transformation einer leerstehenden Wohnung. In einem denkmalgesch\u00fctzten Geb\u00e4udeensemble aus den 1920er Jahren in Weimar gelegen, diente die Wohnung zun\u00e4chst als Arbeits-, Diskussions- und Ausstellungsraum f\u00fcr Studierende der Architektur und Urbanistik. Mit wenigen, aber grundlegenden Interventionen wurde sie dann zu einem Raum, der nicht nur andere Formen des Wohnens, sondern auch nachbarschaftliche Aktivit\u00e4ten erm\u00f6glicht. Die neuen Bewohner*innen wurden im Rahmen eines Konzeptverfahrens gefunden und zwei Jahre lang bei der Aneignung der Wohnung mit Optionen forschend begleitet. Das insgesamt f\u00fcnf Jahre laufende Projekt (2017\u20132021) entstand als Kooperation zwischen der Bauhaus-Universit\u00e4t Weimar, der Th\u00fcringer Aufbaubank und des kommunalen Wohnungsunternehmens Weimarer Wohnst\u00e4tte GmbH unter der Schirmherrschaft des Th\u00fcringer Ministeriums f\u00fcr Infrastruktur und Landwirtschaft.<\/p>\n","protected":false},"excerpt":{"rendered":"<p>Das inter- und transdisziplin\u00e4re Forschungsprojekt\u00a0\u00bbDrei Zimmer, K\u00fcche, Diele, Bad. Eine Wohnung mit Optionen\u00ab\u00a0formuliert und verhandelt Fragen an das Wohnen in der Zukunft anhand der Transformation einer leerstehenden Wohnung. In einem denkmalgesch\u00fctzten Geb\u00e4udeensemble aus den 1920er Jahren in Weimar gelegen, diente die Wohnung zun\u00e4chst als Arbeits-, Diskussions- und Ausstellungsraum f\u00fcr Studierende der Architektur und Urbanistik. Mit [&hellip;]<\/p>\n","protected":false},"featured_media":1930,"template":"","meta":{"_acf_changed":true},"publication_category":[13],"class_list":["post-2465","publikation","type-publikation","status-publish","has-post-thumbnail","hentry","publication_category-veroeffentlichungen-aus-dem-kollegium"],"acf":[],"_links":{"self":[{"href":"https:\/\/gewohnter-wandel.de\/en\/wp-json\/wp\/v2\/publikation\/2465","targetHints":{"allow":["GET"]}}],"collection":[{"href":"https:\/\/gewohnter-wandel.de\/en\/wp-json\/wp\/v2\/publikation"}],"about":[{"href":"https:\/\/gewohnter-wandel.de\/en\/wp-json\/wp\/v2\/types\/publikation"}],"wp:featuredmedia":[{"embeddable":true,"href":"https:\/\/gewohnter-wandel.de\/en\/wp-json\/wp\/v2\/media\/1930"}],"wp:attachment":[{"href":"https:\/\/gewohnter-wandel.de\/en\/wp-json\/wp\/v2\/media?parent=2465"}],"wp:term":[{"taxonomy":"publication_category","embeddable":true,"href":"https:\/\/gewohnter-wandel.de\/en\/wp-json\/wp\/v2\/publication_category?post=2465"}],"curies":[{"name":"wp","href":"https:\/\/api.w.org\/{rel}","templated":true}]}}

Drei Zimmer, Küche, Diele, Bad. Eine Wohnung mit Optionen.

<p>Das inter- und transdisziplinäre Forschungsprojekt »Drei Zimmer, Küche, Diele, Bad. Eine Wohnung mit Optionen« formuliert und verhandelt Fragen an das Wohnen in der Zukunft anhand der Transformation einer leerstehenden Wohnung. In einem denkmalgeschützten Gebäudeensemble aus den 1920er Jahren in Weimar gelegen, diente die Wohnung zunächst als Arbeits-, Diskussions- und Ausstellungsraum für Studierende der Architektur und Urbanistik. Mit wenigen, aber grundlegenden Interventionen wurde sie dann zu einem Raum, der nicht nur andere Formen des Wohnens, sondern auch nachbarschaftliche Aktivitäten ermöglicht. Die neuen Bewohner*innen wurden im Rahmen eines Konzeptverfahrens gefunden und zwei Jahre lang bei der Aneignung der Wohnung mit Optionen forschend begleitet. Das insgesamt fünf Jahre laufende Projekt (2017–2021) entstand als Kooperation zwischen der Bauhaus-Universität Weimar, der Thüringer Aufbaubank und des kommunalen Wohnungsunternehmens Weimarer Wohnstätte GmbH unter der Schirmherrschaft des Thüringer Ministeriums für Infrastruktur und Landwirtschaft.</p>

<p>Das inter- und transdisziplinäre Forschungsprojekt »Drei Zimmer, Küche, Diele, Bad. Eine Wohnung mit Optionen« formuliert und verhandelt Fragen an das Wohnen in der Zukunft anhand der Transformation einer leerstehenden Wohnung. In einem denkmalgeschützten Gebäudeensemble aus den 1920er Jahren in Weimar gelegen, diente die Wohnung zunächst als Arbeits-, Diskussions- und Ausstellungsraum für Studierende der Architektur und Urbanistik. Mit [&hellip;]</p>
