{"id":2472,"date":"2025-02-11T16:26:30","date_gmt":"2025-02-11T15:26:30","guid":{"rendered":"https:\/\/gewohnter-wandel.de\/?post_type=publikation&#038;p=2472"},"modified":"2025-02-11T16:26:31","modified_gmt":"2025-02-11T15:26:31","slug":"wohnungen-als-finanzanlage-auswirkungen-von-responsibilisierung-und-finanzialisierung-im-bereich-des-wohnens","status":"publish","type":"publikation","link":"https:\/\/gewohnter-wandel.de\/en\/publikation\/wohnungen-als-finanzanlage-auswirkungen-von-responsibilisierung-und-finanzialisierung-im-bereich-des-wohnens\/","title":{"rendered":"Wohnungen als Finanzanlage. Auswirkungen von Responsibilisierung und Finanzialisierung im Bereich des Wohnens"},"content":{"rendered":"\n<p>Bislang war in deutschen St\u00e4dten das Wohnen im Eigentum \u2013 entweder im Eigenheim oder in der Eigentumswohnung \u2013 die Ausnahme. Insbesondere in Gro\u00dfst\u00e4dten dominierte das Wohnen zur Miete. Gegenw\u00e4rtig \u00e4ndert sich dies: Gro\u00dfst\u00e4dte wie Frankfurt, Berlin, Hamburg, K\u00f6ln und M\u00fcnchen sind gegenw\u00e4rtig gepr\u00e4gt von einer Kauflust privater und institutioneller Investoren. Zugleich hat in vielen St\u00e4dten ein Ausverkauf und\/oder Vermarktlichung des \u00f6ffentlichen Wohnungsbestandes stattgefunden. Dies hat dazu beigetragen, dass die Preise sehr stark angestiegen sind. In dem Beitrag wird die aktuelle Entwicklung auf st\u00e4dtischen Wohnungsm\u00e4rkten in Deutschland als Folge einer Finanzialisierung von Immobilien sowie einer Responsibilisierung im Bereich der Wohnversorgung analysiert. Es wird gefragt, welche Folgen dies in St\u00e4dten hat.<\/p>\n","protected":false},"excerpt":{"rendered":"<p>Bislang war in deutschen St\u00e4dten das Wohnen im Eigentum \u2013 entweder im Eigenheim oder in der Eigentumswohnung \u2013 die Ausnahme. Insbesondere in Gro\u00dfst\u00e4dten dominierte das Wohnen zur Miete. Gegenw\u00e4rtig \u00e4ndert sich dies: Gro\u00dfst\u00e4dte wie Frankfurt, Berlin, Hamburg, K\u00f6ln und M\u00fcnchen sind gegenw\u00e4rtig gepr\u00e4gt von einer Kauflust privater und institutioneller Investoren. Zugleich hat in vielen St\u00e4dten [&hellip;]<\/p>\n","protected":false},"featured_media":1934,"template":"","meta":{"_acf_changed":true},"publication_category":[13],"class_list":["post-2472","publikation","type-publikation","status-publish","has-post-thumbnail","hentry","publication_category-veroeffentlichungen-aus-dem-kollegium"],"acf":[],"_links":{"self":[{"href":"https:\/\/gewohnter-wandel.de\/en\/wp-json\/wp\/v2\/publikation\/2472","targetHints":{"allow":["GET"]}}],"collection":[{"href":"https:\/\/gewohnter-wandel.de\/en\/wp-json\/wp\/v2\/publikation"}],"about":[{"href":"https:\/\/gewohnter-wandel.de\/en\/wp-json\/wp\/v2\/types\/publikation"}],"wp:featuredmedia":[{"embeddable":true,"href":"https:\/\/gewohnter-wandel.de\/en\/wp-json\/wp\/v2\/media\/1934"}],"wp:attachment":[{"href":"https:\/\/gewohnter-wandel.de\/en\/wp-json\/wp\/v2\/media?parent=2472"}],"wp:term":[{"taxonomy":"publication_category","embeddable":true,"href":"https:\/\/gewohnter-wandel.de\/en\/wp-json\/wp\/v2\/publication_category?post=2472"}],"curies":[{"name":"wp","href":"https:\/\/api.w.org\/{rel}","templated":true}]}}

<p>Bislang war in deutschen Städten das Wohnen im Eigentum – entweder im Eigenheim oder in der Eigentumswohnung – die Ausnahme. Insbesondere in Großstädten dominierte das Wohnen zur Miete. Gegenwärtig ändert sich dies: Großstädte wie Frankfurt, Berlin, Hamburg, Köln und München sind gegenwärtig geprägt von einer Kauflust privater und institutioneller Investoren. Zugleich hat in vielen Städten ein Ausverkauf und/oder Vermarktlichung des öffentlichen Wohnungsbestandes stattgefunden. Dies hat dazu beigetragen, dass die Preise sehr stark angestiegen sind. In dem Beitrag wird die aktuelle Entwicklung auf städtischen Wohnungsmärkten in Deutschland als Folge einer Finanzialisierung von Immobilien sowie einer Responsibilisierung im Bereich der Wohnversorgung analysiert. Es wird gefragt, welche Folgen dies in Städten hat.</p>

<p>Bislang war in deutschen Städten das Wohnen im Eigentum – entweder im Eigenheim oder in der Eigentumswohnung – die Ausnahme. Insbesondere in Großstädten dominierte das Wohnen zur Miete. Gegenwärtig ändert sich dies: Großstädte wie Frankfurt, Berlin, Hamburg, Köln und München sind gegenwärtig geprägt von einer Kauflust privater und institutioneller Investoren. Zugleich hat in vielen Städten [&hellip;]</p>
