{"id":2475,"date":"2025-02-11T16:31:08","date_gmt":"2025-02-11T15:31:08","guid":{"rendered":"https:\/\/gewohnter-wandel.de\/?post_type=publikation&#038;p=2475"},"modified":"2025-02-11T16:31:09","modified_gmt":"2025-02-11T15:31:09","slug":"the-art-of-the-deal-architektur-im-zeitalter-neoliberaler-selbstentwuerfe","status":"publish","type":"publikation","link":"https:\/\/gewohnter-wandel.de\/en\/publikation\/the-art-of-the-deal-architektur-im-zeitalter-neoliberaler-selbstentwuerfe\/","title":{"rendered":"The Art of the Deal. Architektur im Zeitalter neoliberaler Selbstentw\u00fcrfe"},"content":{"rendered":"\n<p>Der Band vereint Beitr\u00e4ge von Architekturhistorikern und praktizierenden Architekten zum Thema des Architektenhauses, das durch eine kritische Rezeption aktueller Ans\u00e4tze aus der kunsthistorischen Selbstportr\u00e4t-Forschung neu konturiert wird. In dem vom Architekten f\u00fcr sich selbst entworfenen Wohnhaus verdichten sich in einzigartiger Komplexit\u00e4t Aspekte des k\u00fcnstlerischen Schaffens, eines oft ostentativen Selbstbezuges und der Verortung in kulturellen und sozialen Gef\u00fcgen. Die seit dem 15. Jahrhundert \u00fcberlieferten Entw\u00fcrfe besitzen nicht selten einen experimentellen Charakter, sie dienten ebenso als \u00f6konomisches Instrument wie als Manifest und utopischer Ausblick. Die paradoxe Vielfalt der Interessen wird in diesem Band unter den pointierten Begrifflichkeiten der j\u00fcngeren Forschungen zum Selbstportr\u00e4t neu beleuchtet, indem nach der Rolle eines derartigen \u203aSelbstentwurfes\u2039 zur Selbstvergewisserung gefragt wird.<\/p>\n","protected":false},"excerpt":{"rendered":"<p>Der Band vereint Beitr\u00e4ge von Architekturhistorikern und praktizierenden Architekten zum Thema des Architektenhauses, das durch eine kritische Rezeption aktueller Ans\u00e4tze aus der kunsthistorischen Selbstportr\u00e4t-Forschung neu konturiert wird. In dem vom Architekten f\u00fcr sich selbst entworfenen Wohnhaus verdichten sich in einzigartiger Komplexit\u00e4t Aspekte des k\u00fcnstlerischen Schaffens, eines oft ostentativen Selbstbezuges und der Verortung in kulturellen und [&hellip;]<\/p>\n","protected":false},"featured_media":1936,"template":"","meta":{"_acf_changed":true},"publication_category":[13],"class_list":["post-2475","publikation","type-publikation","status-publish","has-post-thumbnail","hentry","publication_category-veroeffentlichungen-aus-dem-kollegium"],"acf":[],"_links":{"self":[{"href":"https:\/\/gewohnter-wandel.de\/en\/wp-json\/wp\/v2\/publikation\/2475","targetHints":{"allow":["GET"]}}],"collection":[{"href":"https:\/\/gewohnter-wandel.de\/en\/wp-json\/wp\/v2\/publikation"}],"about":[{"href":"https:\/\/gewohnter-wandel.de\/en\/wp-json\/wp\/v2\/types\/publikation"}],"wp:featuredmedia":[{"embeddable":true,"href":"https:\/\/gewohnter-wandel.de\/en\/wp-json\/wp\/v2\/media\/1936"}],"wp:attachment":[{"href":"https:\/\/gewohnter-wandel.de\/en\/wp-json\/wp\/v2\/media?parent=2475"}],"wp:term":[{"taxonomy":"publication_category","embeddable":true,"href":"https:\/\/gewohnter-wandel.de\/en\/wp-json\/wp\/v2\/publication_category?post=2475"}],"curies":[{"name":"wp","href":"https:\/\/api.w.org\/{rel}","templated":true}]}}

The Art of the Deal. Architektur im Zeitalter neoliberaler Selbstentwürfe

<p>Der Band vereint Beiträge von Architekturhistorikern und praktizierenden Architekten zum Thema des Architektenhauses, das durch eine kritische Rezeption aktueller Ansätze aus der kunsthistorischen Selbstporträt-Forschung neu konturiert wird. In dem vom Architekten für sich selbst entworfenen Wohnhaus verdichten sich in einzigartiger Komplexität Aspekte des künstlerischen Schaffens, eines oft ostentativen Selbstbezuges und der Verortung in kulturellen und sozialen Gefügen. Die seit dem 15. Jahrhundert überlieferten Entwürfe besitzen nicht selten einen experimentellen Charakter, sie dienten ebenso als ökonomisches Instrument wie als Manifest und utopischer Ausblick. Die paradoxe Vielfalt der Interessen wird in diesem Band unter den pointierten Begrifflichkeiten der jüngeren Forschungen zum Selbstporträt neu beleuchtet, indem nach der Rolle eines derartigen ›Selbstentwurfes‹ zur Selbstvergewisserung gefragt wird.</p>

<p>Der Band vereint Beiträge von Architekturhistorikern und praktizierenden Architekten zum Thema des Architektenhauses, das durch eine kritische Rezeption aktueller Ansätze aus der kunsthistorischen Selbstporträt-Forschung neu konturiert wird. In dem vom Architekten für sich selbst entworfenen Wohnhaus verdichten sich in einzigartiger Komplexität Aspekte des künstlerischen Schaffens, eines oft ostentativen Selbstbezuges und der Verortung in kulturellen und [&hellip;]</p>
