{"id":2478,"date":"2025-02-11T16:37:46","date_gmt":"2025-02-11T15:37:46","guid":{"rendered":"https:\/\/gewohnter-wandel.de\/?post_type=publikation&#038;p=2478"},"modified":"2025-02-11T16:37:47","modified_gmt":"2025-02-11T15:37:47","slug":"wohnraum-dem-markt-entziehen-wohnungspolitik-und-staedtische-soziale-bewegungen-in-frankfurt-und-tel-aviv","status":"publish","type":"publikation","link":"https:\/\/gewohnter-wandel.de\/en\/publikation\/wohnraum-dem-markt-entziehen-wohnungspolitik-und-staedtische-soziale-bewegungen-in-frankfurt-und-tel-aviv\/","title":{"rendered":"Wohnraum dem Markt entziehen? Wohnungspolitik und st\u00e4dtische soziale Bewegungen in Frankfurt und Tel Aviv."},"content":{"rendered":"\n<p>Das Buch untersucht die sozialen Proteste\u00a0gegen die Neoliberalisierung der Wohnraumversorgung, die sich angesichts steigender Mieten und Wohnungspreise\u00a0in den letzten Jahren vielerorts \u00a0formiert haben. Am Beispiel von Frankfurt am Main und Tel Aviv-Jaffa untersucht Sebastian Schipper vergleichend, inwiefern solche Widerst\u00e4ndigkeiten eine signifikante Abweichung von Prozessen der Vermarktlichung und Privatisierung ansto\u00dfen k\u00f6nnen. Gelingt es st\u00e4dtischen sozialen Bewegungen, darauf hinzuwirken, dass die Versorgung mit Wohnraum der Marktlogik entzogen und aus Kreisl\u00e4ufen der Kapitalverwertung herausgenommen wird? Zeichnen sich in den gesellschaftlichen Auseinandersetzungen Konturen eines entstehenden postneoliberalen Regimes der Dekommodifizierung des Wohnens ab? Im Sinne einer aktivistischen Stadtforschung wird herausgearbeitet, welche politischen Alternativen zur Realisierung bezahlbaren Wohnraums in den sozialen K\u00e4mpfen zum Vorschein kommen, und strategisch nach ihrer Durchsetzbarkeit gefragt.<\/p>\n","protected":false},"excerpt":{"rendered":"<p>Das Buch untersucht die sozialen Proteste\u00a0gegen die Neoliberalisierung der Wohnraumversorgung, die sich angesichts steigender Mieten und Wohnungspreise\u00a0in den letzten Jahren vielerorts \u00a0formiert haben. Am Beispiel von Frankfurt am Main und Tel Aviv-Jaffa untersucht Sebastian Schipper vergleichend, inwiefern solche Widerst\u00e4ndigkeiten eine signifikante Abweichung von Prozessen der Vermarktlichung und Privatisierung ansto\u00dfen k\u00f6nnen. Gelingt es st\u00e4dtischen sozialen Bewegungen, [&hellip;]<\/p>\n","protected":false},"featured_media":1940,"template":"","meta":{"_acf_changed":true},"publication_category":[13],"class_list":["post-2478","publikation","type-publikation","status-publish","has-post-thumbnail","hentry","publication_category-veroeffentlichungen-aus-dem-kollegium"],"acf":[],"_links":{"self":[{"href":"https:\/\/gewohnter-wandel.de\/en\/wp-json\/wp\/v2\/publikation\/2478","targetHints":{"allow":["GET"]}}],"collection":[{"href":"https:\/\/gewohnter-wandel.de\/en\/wp-json\/wp\/v2\/publikation"}],"about":[{"href":"https:\/\/gewohnter-wandel.de\/en\/wp-json\/wp\/v2\/types\/publikation"}],"wp:featuredmedia":[{"embeddable":true,"href":"https:\/\/gewohnter-wandel.de\/en\/wp-json\/wp\/v2\/media\/1940"}],"wp:attachment":[{"href":"https:\/\/gewohnter-wandel.de\/en\/wp-json\/wp\/v2\/media?parent=2478"}],"wp:term":[{"taxonomy":"publication_category","embeddable":true,"href":"https:\/\/gewohnter-wandel.de\/en\/wp-json\/wp\/v2\/publication_category?post=2478"}],"curies":[{"name":"wp","href":"https:\/\/api.w.org\/{rel}","templated":true}]}}

Wohnraum dem Markt entziehen? Wohnungspolitik und städtische soziale Bewegungen in Frankfurt und Tel Aviv.

<p>Das Buch untersucht die sozialen Proteste gegen die Neoliberalisierung der Wohnraumversorgung, die sich angesichts steigender Mieten und Wohnungspreise in den letzten Jahren vielerorts  formiert haben. Am Beispiel von Frankfurt am Main und Tel Aviv-Jaffa untersucht Sebastian Schipper vergleichend, inwiefern solche Widerständigkeiten eine signifikante Abweichung von Prozessen der Vermarktlichung und Privatisierung anstoßen können. Gelingt es städtischen sozialen Bewegungen, darauf hinzuwirken, dass die Versorgung mit Wohnraum der Marktlogik entzogen und aus Kreisläufen der Kapitalverwertung herausgenommen wird? Zeichnen sich in den gesellschaftlichen Auseinandersetzungen Konturen eines entstehenden postneoliberalen Regimes der Dekommodifizierung des Wohnens ab? Im Sinne einer aktivistischen Stadtforschung wird herausgearbeitet, welche politischen Alternativen zur Realisierung bezahlbaren Wohnraums in den sozialen Kämpfen zum Vorschein kommen, und strategisch nach ihrer Durchsetzbarkeit gefragt.</p>

<p>Das Buch untersucht die sozialen Proteste gegen die Neoliberalisierung der Wohnraumversorgung, die sich angesichts steigender Mieten und Wohnungspreise in den letzten Jahren vielerorts  formiert haben. Am Beispiel von Frankfurt am Main und Tel Aviv-Jaffa untersucht Sebastian Schipper vergleichend, inwiefern solche Widerständigkeiten eine signifikante Abweichung von Prozessen der Vermarktlichung und Privatisierung anstoßen können. Gelingt es städtischen sozialen Bewegungen, [&hellip;]</p>
