{"id":2479,"date":"2025-02-11T16:39:36","date_gmt":"2025-02-11T15:39:36","guid":{"rendered":"https:\/\/gewohnter-wandel.de\/?post_type=publikation&#038;p=2479"},"modified":"2025-02-11T16:39:37","modified_gmt":"2025-02-11T15:39:37","slug":"prekaere-wohnverhaeltnisse-und-wohnungspolitische-kaempfepotenziale-und-herausforderungen-einer-angewandt-kritischen-wohnungsforschung","status":"publish","type":"publikation","link":"https:\/\/gewohnter-wandel.de\/en\/publikation\/prekaere-wohnverhaeltnisse-und-wohnungspolitische-kaempfepotenziale-und-herausforderungen-einer-angewandt-kritischen-wohnungsforschung\/","title":{"rendered":"Prek\u00e4re Wohnverh\u00e4ltnisse und wohnungspolitische K\u00e4mpfePotenziale und Herausforderungen einer angewandt-kritischen Wohnungsforschung"},"content":{"rendered":"\n<p>Der Beitrag skizziert die Perspektive einer angewandt-kritischen Wohnungsforschung, welche auf (1) die kooperative Entwicklung von Fragestellungen mit au\u00dferuniversit\u00e4ren Akteuren, (2) partizipative Forschungsprozesse mit zivilgesellschaftlichen Initiativen, (3) die Verbindung von wissenschaftlichem Erkenntnisstreben und politischer Praxis im Sinne einer Aktions- beziehungsweise Transformationsforschung sowie (4) breit aufgestellte Publikationsstrategien abzielt. Argumentiert wird dabei, dass ein solcher Zugriff eine gegenstandsangemessene Forschung insbesondere in Hinblick auf prek\u00e4re Wohnverh\u00e4ltnisse und wohnungspolitische K\u00e4mpfe erlaubt, die praxisorientierte und gesellschaftspolitisch relevante Ergebnisse zu liefern verspricht. Zudem kann ein solcher Ansatz spezifische forschungsethische Probleme vermeiden und in methodischer Hinsicht die Qualit\u00e4t der Datenerhebung verbessern. Die \u00dcberwindung der Distanz zwischen Theorie und Praxis sowie die transparente normativ-politische Positionierung erm\u00f6glichen es dar\u00fcber hinaus, Forschungsprozesse st\u00e4rker auf die Transformation bestehender Machtverh\u00e4ltnisse auszurichten.<\/p>\n","protected":false},"excerpt":{"rendered":"<p>Der Beitrag skizziert die Perspektive einer angewandt-kritischen Wohnungsforschung, welche auf (1) die kooperative Entwicklung von Fragestellungen mit au\u00dferuniversit\u00e4ren Akteuren, (2) partizipative Forschungsprozesse mit zivilgesellschaftlichen Initiativen, (3) die Verbindung von wissenschaftlichem Erkenntnisstreben und politischer Praxis im Sinne einer Aktions- beziehungsweise Transformationsforschung sowie (4) breit aufgestellte Publikationsstrategien abzielt. Argumentiert wird dabei, dass ein solcher Zugriff eine gegenstandsangemessene [&hellip;]<\/p>\n","protected":false},"featured_media":0,"template":"","meta":{"_acf_changed":true},"publication_category":[13],"class_list":["post-2479","publikation","type-publikation","status-publish","hentry","publication_category-veroeffentlichungen-aus-dem-kollegium"],"acf":[],"_links":{"self":[{"href":"https:\/\/gewohnter-wandel.de\/en\/wp-json\/wp\/v2\/publikation\/2479","targetHints":{"allow":["GET"]}}],"collection":[{"href":"https:\/\/gewohnter-wandel.de\/en\/wp-json\/wp\/v2\/publikation"}],"about":[{"href":"https:\/\/gewohnter-wandel.de\/en\/wp-json\/wp\/v2\/types\/publikation"}],"wp:attachment":[{"href":"https:\/\/gewohnter-wandel.de\/en\/wp-json\/wp\/v2\/media?parent=2479"}],"wp:term":[{"taxonomy":"publication_category","embeddable":true,"href":"https:\/\/gewohnter-wandel.de\/en\/wp-json\/wp\/v2\/publication_category?post=2479"}],"curies":[{"name":"wp","href":"https:\/\/api.w.org\/{rel}","templated":true}]}}

Prekäre Wohnverhältnisse und wohnungspolitische KämpfePotenziale und Herausforderungen einer angewandt-kritischen Wohnungsforschung

<p>Der Beitrag skizziert die Perspektive einer angewandt-kritischen Wohnungsforschung, welche auf (1) die kooperative Entwicklung von Fragestellungen mit außeruniversitären Akteuren, (2) partizipative Forschungsprozesse mit zivilgesellschaftlichen Initiativen, (3) die Verbindung von wissenschaftlichem Erkenntnisstreben und politischer Praxis im Sinne einer Aktions- beziehungsweise Transformationsforschung sowie (4) breit aufgestellte Publikationsstrategien abzielt. Argumentiert wird dabei, dass ein solcher Zugriff eine gegenstandsangemessene Forschung insbesondere in Hinblick auf prekäre Wohnverhältnisse und wohnungspolitische Kämpfe erlaubt, die praxisorientierte und gesellschaftspolitisch relevante Ergebnisse zu liefern verspricht. Zudem kann ein solcher Ansatz spezifische forschungsethische Probleme vermeiden und in methodischer Hinsicht die Qualität der Datenerhebung verbessern. Die Überwindung der Distanz zwischen Theorie und Praxis sowie die transparente normativ-politische Positionierung ermöglichen es darüber hinaus, Forschungsprozesse stärker auf die Transformation bestehender Machtverhältnisse auszurichten.</p>

<p>Der Beitrag skizziert die Perspektive einer angewandt-kritischen Wohnungsforschung, welche auf (1) die kooperative Entwicklung von Fragestellungen mit außeruniversitären Akteuren, (2) partizipative Forschungsprozesse mit zivilgesellschaftlichen Initiativen, (3) die Verbindung von wissenschaftlichem Erkenntnisstreben und politischer Praxis im Sinne einer Aktions- beziehungsweise Transformationsforschung sowie (4) breit aufgestellte Publikationsstrategien abzielt. Argumentiert wird dabei, dass ein solcher Zugriff eine gegenstandsangemessene [&hellip;]</p>
