{"id":2482,"date":"2025-02-11T16:45:00","date_gmt":"2025-02-11T15:45:00","guid":{"rendered":"https:\/\/gewohnter-wandel.de\/?post_type=publikation&#038;p=2482"},"modified":"2025-02-11T16:45:01","modified_gmt":"2025-02-11T15:45:01","slug":"wohnraum-fuer-alle-perspektiven-auf-planung-politik-und-architektur","status":"publish","type":"publikation","link":"https:\/\/gewohnter-wandel.de\/en\/publikation\/wohnraum-fuer-alle-perspektiven-auf-planung-politik-und-architektur\/","title":{"rendered":"Wohnraum f\u00fcr alle?! Perspektiven auf Planung, Politik und Architektur"},"content":{"rendered":"\n<p>Seit Jahren steigen Mieten und Wohnungspreise \u2013 vor allem in wachsenden St\u00e4dten und Regionen Deutschlands. G\u00fcnstiger Wohnraum wird zunehmend knapp und gerade untere und mittlere Einkommensgruppen sind von hohen Wohnkosten belastet. Der Band bringt gestalterische, gesellschaftliche und politische L\u00f6sungsans\u00e4tze in einen Dialog. Die Beitr\u00e4ge erkunden die Gr\u00fcnde f\u00fcr die Wiederkehr der Wohnungsfrage und stellen Strategien vor, mit denen bezahlbarer Wohnraum f\u00fcr alle geschaffen werden kann. Akteure aus Wissenschaft, Praxis, Politik und sozialen Bewegungen finden hier aktuelle Perspektiven auf ein dr\u00e4ngendes urbanes Problem.<\/p>\n","protected":false},"excerpt":{"rendered":"<p>Seit Jahren steigen Mieten und Wohnungspreise \u2013 vor allem in wachsenden St\u00e4dten und Regionen Deutschlands. G\u00fcnstiger Wohnraum wird zunehmend knapp und gerade untere und mittlere Einkommensgruppen sind von hohen Wohnkosten belastet. Der Band bringt gestalterische, gesellschaftliche und politische L\u00f6sungsans\u00e4tze in einen Dialog. Die Beitr\u00e4ge erkunden die Gr\u00fcnde f\u00fcr die Wiederkehr der Wohnungsfrage und stellen Strategien [&hellip;]<\/p>\n","protected":false},"featured_media":1944,"template":"","meta":{"_acf_changed":true},"publication_category":[13],"class_list":["post-2482","publikation","type-publikation","status-publish","has-post-thumbnail","hentry","publication_category-veroeffentlichungen-aus-dem-kollegium"],"acf":[],"_links":{"self":[{"href":"https:\/\/gewohnter-wandel.de\/en\/wp-json\/wp\/v2\/publikation\/2482","targetHints":{"allow":["GET"]}}],"collection":[{"href":"https:\/\/gewohnter-wandel.de\/en\/wp-json\/wp\/v2\/publikation"}],"about":[{"href":"https:\/\/gewohnter-wandel.de\/en\/wp-json\/wp\/v2\/types\/publikation"}],"wp:featuredmedia":[{"embeddable":true,"href":"https:\/\/gewohnter-wandel.de\/en\/wp-json\/wp\/v2\/media\/1944"}],"wp:attachment":[{"href":"https:\/\/gewohnter-wandel.de\/en\/wp-json\/wp\/v2\/media?parent=2482"}],"wp:term":[{"taxonomy":"publication_category","embeddable":true,"href":"https:\/\/gewohnter-wandel.de\/en\/wp-json\/wp\/v2\/publication_category?post=2482"}],"curies":[{"name":"wp","href":"https:\/\/api.w.org\/{rel}","templated":true}]}}

Wohnraum für alle?! Perspektiven auf Planung, Politik und Architektur

<p>Seit Jahren steigen Mieten und Wohnungspreise – vor allem in wachsenden Städten und Regionen Deutschlands. Günstiger Wohnraum wird zunehmend knapp und gerade untere und mittlere Einkommensgruppen sind von hohen Wohnkosten belastet. Der Band bringt gestalterische, gesellschaftliche und politische Lösungsansätze in einen Dialog. Die Beiträge erkunden die Gründe für die Wiederkehr der Wohnungsfrage und stellen Strategien vor, mit denen bezahlbarer Wohnraum für alle geschaffen werden kann. Akteure aus Wissenschaft, Praxis, Politik und sozialen Bewegungen finden hier aktuelle Perspektiven auf ein drängendes urbanes Problem.</p>

<p>Seit Jahren steigen Mieten und Wohnungspreise – vor allem in wachsenden Städten und Regionen Deutschlands. Günstiger Wohnraum wird zunehmend knapp und gerade untere und mittlere Einkommensgruppen sind von hohen Wohnkosten belastet. Der Band bringt gestalterische, gesellschaftliche und politische Lösungsansätze in einen Dialog. Die Beiträge erkunden die Gründe für die Wiederkehr der Wohnungsfrage und stellen Strategien [&hellip;]</p>
