{"id":3632,"date":"2025-02-06T14:58:07","date_gmt":"2025-02-06T13:58:07","guid":{"rendered":"https:\/\/gewohnter-wandel.de\/publikation\/schoener-wohnen-in-hessen-eine-bestandsaufnahme-der-wohnungskrise-in-hessen-und-vorschlaege-zu-ihrer-bewaeltigung\/"},"modified":"2025-05-22T22:25:56","modified_gmt":"2025-05-22T20:25:56","slug":"schoener-wohnen-in-hessen-eine-bestandsaufnahme-der-wohnungskrise-in-hessen-und-vorschlaege-zu-ihrer-bewaeltigung","status":"publish","type":"publikation","link":"https:\/\/gewohnter-wandel.de\/en\/publikation\/schoener-wohnen-in-hessen-eine-bestandsaufnahme-der-wohnungskrise-in-hessen-und-vorschlaege-zu-ihrer-bewaeltigung\/","title":{"rendered":"Sch\u00f6ner Wohnen in Hessen? Eine Bestandsaufnahme der Wohnungskrise in Hessen und Vorschl\u00e4ge zu ihrer Bew\u00e4ltigung"},"content":{"rendered":"\n<p>Housing is the social issue for many people in Germany, and rents are rising dramatically in more and more cities. Lukas Siebenkotten, president of the German Tenants&#8217; Association, was very pessimistic at the end of May 2023. &#8220;Everything that is legal will be exploited in terms of rent increases in the coming years.&#8221; Rents would rise &#8220;significantly faster than wages.&#8221; If the current trend continues, the number of households that have to spend 40% or more of their income on rent will increase &#8220;drastically&#8221; in the next few years and will soon exceed five million.   <\/p>\n\n<p>This no longer applies only to economic centers, popular cities or university towns. The situation is also becoming increasingly tense in other regions of the country. While Frankfurt am Main and the Rhine-Main region have long been known throughout Germany for their high rents, the crisis has now also reached the cities of northern and central Hesse. A nice place to live has become an unattainable goal for more and more people in Hesse.   <\/p>\n","protected":false},"excerpt":{"rendered":"<p>Housing is the social issue for many people in Germany, and rents are rising dramatically in more and more cities. Lukas Siebenkotten, president of the German Tenants&#8217; Association, was very pessimistic at the end of May 2023. &#8220;Everything that is legal will be exploited in terms of rent increases in the coming years.&#8221; Rents would [&hellip;]<\/p>\n","protected":false},"featured_media":1907,"template":"","meta":{"_acf_changed":false},"publication_category":[81],"class_list":["post-3632","publikation","type-publikation","status-publish","has-post-thumbnail","hentry","publication_category-publications-of-the-research-fellows"],"acf":[],"_links":{"self":[{"href":"https:\/\/gewohnter-wandel.de\/en\/wp-json\/wp\/v2\/publikation\/3632","targetHints":{"allow":["GET"]}}],"collection":[{"href":"https:\/\/gewohnter-wandel.de\/en\/wp-json\/wp\/v2\/publikation"}],"about":[{"href":"https:\/\/gewohnter-wandel.de\/en\/wp-json\/wp\/v2\/types\/publikation"}],"wp:featuredmedia":[{"embeddable":true,"href":"https:\/\/gewohnter-wandel.de\/en\/wp-json\/wp\/v2\/media\/1907"}],"wp:attachment":[{"href":"https:\/\/gewohnter-wandel.de\/en\/wp-json\/wp\/v2\/media?parent=3632"}],"wp:term":[{"taxonomy":"publication_category","embeddable":true,"href":"https:\/\/gewohnter-wandel.de\/en\/wp-json\/wp\/v2\/publication_category?post=3632"}],"curies":[{"name":"wp","href":"https:\/\/api.w.org\/{rel}","templated":true}]}}

Schöner Wohnen in Hessen? Eine Bestandsaufnahme der Wohnungskrise in Hessen und Vorschläge zu ihrer Bewältigung
