{"id":4096,"date":"2026-01-09T18:19:35","date_gmt":"2026-01-09T17:19:35","guid":{"rendered":"https:\/\/gewohnter-wandel.de\/?post_type=publikation&#038;p=4096"},"modified":"2026-01-09T18:31:19","modified_gmt":"2026-01-09T17:31:19","slug":"wohnwissen-100-begriffe-des-wohnens","status":"publish","type":"publikation","link":"https:\/\/gewohnter-wandel.de\/en\/publikation\/wohnwissen-100-begriffe-des-wohnens\/","title":{"rendered":"WohnWissen: 100 Begriffe des Wohnens"},"content":{"rendered":"\n<p>WohnWissen: 100 Begriffe des Wohnens widmet sich einer der vielschichtigsten Debatten unserer Zeit: der Wohnungs- und Bodenfrage. In kurzen, pr\u00e4gnanten Texten zahlreicher Expert*innen werden Schl\u00fcsselbegriffe rund um das Thema Wohnen erl\u00e4utert. Ob Grundbegriffe wie Einfamilienhaus, Leerstand und Einsamkeit oder Fachtermini wie Innenentwicklungsdilemma und Neue Wohngemeinn\u00fctzigkeit: Das interdisziplin\u00e4re Glossar adressiert Fachdiskurse, politische Debatten und unterschiedliche Wohnbed\u00fcrfnisse und blickt dabei auch auf bisher wenig behandelte Themenfelder. So er\u00f6ffnet WohnWissen einen multiperspektivischen Blick auf das Thema Wohnen als Grundbed\u00fcrfnis.<\/p>\n\n\n\n<p><strong>Genz, C., Schnur, O., Aring, J. (Hg.) (2024):<\/strong> WohnWissen: 100 Begriffe des Wohnens, Jovis Verlag,\u00a0Berlin.<\/p>\n","protected":false},"excerpt":{"rendered":"<p>WohnWissen: 100 Begriffe des Wohnens widmet sich einer der vielschichtigsten Debatten unserer Zeit: der Wohnungs- und Bodenfrage. In kurzen, pr\u00e4gnanten Texten zahlreicher Expert*innen werden Schl\u00fcsselbegriffe rund um das Thema Wohnen erl\u00e4utert. Ob Grundbegriffe wie Einfamilienhaus, Leerstand und Einsamkeit oder Fachtermini wie Innenentwicklungsdilemma und Neue Wohngemeinn\u00fctzigkeit: Das interdisziplin\u00e4re Glossar adressiert Fachdiskurse, politische Debatten und unterschiedliche Wohnbed\u00fcrfnisse [&hellip;]<\/p>\n","protected":false},"featured_media":4097,"template":"","meta":{"_acf_changed":true},"publication_category":[188],"class_list":["post-4096","publikation","type-publikation","status-publish","has-post-thumbnail","hentry","publication_category-veroeffentlichungen-der-assoziierten"],"acf":[],"_links":{"self":[{"href":"https:\/\/gewohnter-wandel.de\/en\/wp-json\/wp\/v2\/publikation\/4096","targetHints":{"allow":["GET"]}}],"collection":[{"href":"https:\/\/gewohnter-wandel.de\/en\/wp-json\/wp\/v2\/publikation"}],"about":[{"href":"https:\/\/gewohnter-wandel.de\/en\/wp-json\/wp\/v2\/types\/publikation"}],"wp:featuredmedia":[{"embeddable":true,"href":"https:\/\/gewohnter-wandel.de\/en\/wp-json\/wp\/v2\/media\/4097"}],"wp:attachment":[{"href":"https:\/\/gewohnter-wandel.de\/en\/wp-json\/wp\/v2\/media?parent=4096"}],"wp:term":[{"taxonomy":"publication_category","embeddable":true,"href":"https:\/\/gewohnter-wandel.de\/en\/wp-json\/wp\/v2\/publication_category?post=4096"}],"curies":[{"name":"wp","href":"https:\/\/api.w.org\/{rel}","templated":true}]}}

<p>WohnWissen: 100 Begriffe des Wohnens widmet sich einer der vielschichtigsten Debatten unserer Zeit: der Wohnungs- und Bodenfrage. In kurzen, prägnanten Texten zahlreicher Expert*innen werden Schlüsselbegriffe rund um das Thema Wohnen erläutert. Ob Grundbegriffe wie Einfamilienhaus, Leerstand und Einsamkeit oder Fachtermini wie Innenentwicklungsdilemma und Neue Wohngemeinnützigkeit: Das interdisziplinäre Glossar adressiert Fachdiskurse, politische Debatten und unterschiedliche Wohnbedürfnisse und blickt dabei auch auf bisher wenig behandelte Themenfelder. So eröffnet WohnWissen einen multiperspektivischen Blick auf das Thema Wohnen als Grundbedürfnis.</p>



<p><strong>Genz, C., Schnur, O., Aring, J. (Hg.) (2024):</strong> WohnWissen: 100 Begriffe des Wohnens, Jovis Verlag, Berlin.</p>

<p>WohnWissen: 100 Begriffe des Wohnens widmet sich einer der vielschichtigsten Debatten unserer Zeit: der Wohnungs- und Bodenfrage. In kurzen, prägnanten Texten zahlreicher Expert*innen werden Schlüsselbegriffe rund um das Thema Wohnen erläutert. Ob Grundbegriffe wie Einfamilienhaus, Leerstand und Einsamkeit oder Fachtermini wie Innenentwicklungsdilemma und Neue Wohngemeinnützigkeit: Das interdisziplinäre Glossar adressiert Fachdiskurse, politische Debatten und unterschiedliche Wohnbedürfnisse [&hellip;]</p>
