{"id":4098,"date":"2026-01-09T18:23:37","date_gmt":"2026-01-09T17:23:37","guid":{"rendered":"https:\/\/gewohnter-wandel.de\/?post_type=publikation&#038;p=4098"},"modified":"2026-01-09T18:30:37","modified_gmt":"2026-01-09T17:30:37","slug":"wohnen-alter-und-protest-eine-ethnographie-staedtischer-protest-und-netzwerkpraktiken-von-senior_innen","status":"publish","type":"publikation","link":"https:\/\/gewohnter-wandel.de\/en\/publikation\/wohnen-alter-und-protest-eine-ethnographie-staedtischer-protest-und-netzwerkpraktiken-von-senior_innen\/","title":{"rendered":"Wohnen, Alter und Protest. Eine Ethnographie st\u00e4dtischer\u00a0Protest- und Netzwerkpraktiken von Senior_innen"},"content":{"rendered":"\n<p>Carolin Genz untersucht, wie sich Protest praxeologisch formiert und in das Sichtfeld der \u00d6ffentlichkeit gelangt. Sie n\u00e4hert sich dem Thema \u00fcber die Ethnographie von Protest- und Netzwerkpraktiken von Senior_innen, die sich gegen steigende Mieten wehren. Die Autorin untersucht, unter welchen k\u00f6rperlichen, materiellen und r\u00e4umlichen Bedingungen es ihnen gelingt, in st\u00e4dtischen und digitalen R\u00e4umen politisch zu agieren, um \u00d6ffentlichkeit zu generieren. Im Zuge dessen ger\u00e4t der K\u00f6rper und die Materialit\u00e4t k\u00f6rperlicher Praxis als wesentlicher Bestimmungsfaktor politischen Handelns ins Zentrum der Analyse.<\/p>\n\n\n\n<p><strong>Genz, C. (2020):<\/strong> Wohnen, Alter und Protest. Eine Ethnographie st\u00e4dtischer\u00a0Protest- und Netzwerkpraktiken von Senior_innen. Serie: Stadt, Raum und Gesellschaft, Springer Fachmedien Wiesbaden GmbH<\/p>\n\n\n\n<p><\/p>\n","protected":false},"excerpt":{"rendered":"<p>Carolin Genz untersucht, wie sich Protest praxeologisch formiert und in das Sichtfeld der \u00d6ffentlichkeit gelangt. Sie n\u00e4hert sich dem Thema \u00fcber die Ethnographie von Protest- und Netzwerkpraktiken von Senior_innen, die sich gegen steigende Mieten wehren. Die Autorin untersucht, unter welchen k\u00f6rperlichen, materiellen und r\u00e4umlichen Bedingungen es ihnen gelingt, in st\u00e4dtischen und digitalen R\u00e4umen politisch zu [&hellip;]<\/p>\n","protected":false},"featured_media":4109,"template":"","meta":{"_acf_changed":true},"publication_category":[188],"class_list":["post-4098","publikation","type-publikation","status-publish","has-post-thumbnail","hentry","publication_category-veroeffentlichungen-der-assoziierten"],"acf":[],"_links":{"self":[{"href":"https:\/\/gewohnter-wandel.de\/en\/wp-json\/wp\/v2\/publikation\/4098","targetHints":{"allow":["GET"]}}],"collection":[{"href":"https:\/\/gewohnter-wandel.de\/en\/wp-json\/wp\/v2\/publikation"}],"about":[{"href":"https:\/\/gewohnter-wandel.de\/en\/wp-json\/wp\/v2\/types\/publikation"}],"wp:featuredmedia":[{"embeddable":true,"href":"https:\/\/gewohnter-wandel.de\/en\/wp-json\/wp\/v2\/media\/4109"}],"wp:attachment":[{"href":"https:\/\/gewohnter-wandel.de\/en\/wp-json\/wp\/v2\/media?parent=4098"}],"wp:term":[{"taxonomy":"publication_category","embeddable":true,"href":"https:\/\/gewohnter-wandel.de\/en\/wp-json\/wp\/v2\/publication_category?post=4098"}],"curies":[{"name":"wp","href":"https:\/\/api.w.org\/{rel}","templated":true}]}}

Wohnen, Alter und Protest. Eine Ethnographie städtischer Protest- und Netzwerkpraktiken von Senior_innen

<p>Carolin Genz untersucht, wie sich Protest praxeologisch formiert und in das Sichtfeld der Öffentlichkeit gelangt. Sie nähert sich dem Thema über die Ethnographie von Protest- und Netzwerkpraktiken von Senior_innen, die sich gegen steigende Mieten wehren. Die Autorin untersucht, unter welchen körperlichen, materiellen und räumlichen Bedingungen es ihnen gelingt, in städtischen und digitalen Räumen politisch zu agieren, um Öffentlichkeit zu generieren. Im Zuge dessen gerät der Körper und die Materialität körperlicher Praxis als wesentlicher Bestimmungsfaktor politischen Handelns ins Zentrum der Analyse.</p>



<p><strong>Genz, C. (2020):</strong> Wohnen, Alter und Protest. Eine Ethnographie städtischer Protest- und Netzwerkpraktiken von Senior_innen. Serie: Stadt, Raum und Gesellschaft, Springer Fachmedien Wiesbaden GmbH</p>



<p></p>

<p>Carolin Genz untersucht, wie sich Protest praxeologisch formiert und in das Sichtfeld der Öffentlichkeit gelangt. Sie nähert sich dem Thema über die Ethnographie von Protest- und Netzwerkpraktiken von Senior_innen, die sich gegen steigende Mieten wehren. Die Autorin untersucht, unter welchen körperlichen, materiellen und räumlichen Bedingungen es ihnen gelingt, in städtischen und digitalen Räumen politisch zu [&hellip;]</p>
