{"id":4137,"date":"2026-01-09T19:33:16","date_gmt":"2026-01-09T18:33:16","guid":{"rendered":"https:\/\/gewohnter-wandel.de\/?post_type=publikation&#038;p=4137"},"modified":"2026-01-09T19:33:17","modified_gmt":"2026-01-09T18:33:17","slug":"staatliche-strategien-gegen-wohnungsnot","status":"publish","type":"publikation","link":"https:\/\/gewohnter-wandel.de\/en\/publikation\/staatliche-strategien-gegen-wohnungsnot\/","title":{"rendered":"Staatliche Strategien gegen Wohnungsnot"},"content":{"rendered":"\n<p>Die Gesellschaft ist in eine Phase zugespitzter Infrastrukturkonflikte eingetreten. Die Beitr\u00e4ger*innen er\u00f6rtern aus polit\u00f6konomischer und diskursanalytischer Perspektive, was diese Konflikte in den Bereichen Wohnen, Gesundheitsversorgung und saubere Luft kennzeichnet und wie der Staat auf sie reagiert. Im Mittelpunkt steht die Frage, mit welchen Herausforderungen, Perspektiven und Konflikten derzeit bei der Versorgung mit \u00f6ffentlichen G\u00fctern gerungen wird und welche Rolle schwache Interessen in diesen Aushandlungsprozessen spielen. Es wird deutlich: Die \u00f6ffentliche Kritik der Unter- und Fehlversorgung adressiert jeweils den Staat, der diese Kritik oft zur\u00fcckweist, mitunter aber auch auf kommunaler Ebene aufnimmt.<\/p>\n\n\n\n<p>Betz, J. (2023). Staatliche Strategien gegen Wohnungsnot. In J. Betz, H.-J. Bieling, A. Futterer, M. M\u00f6hring-Hesse &amp; M. Nagel (Hrsg.), <em>Konflikte um Infrastrukturen: \u00d6ffentliche Debatten und politische Konzepte<\/em> (pp 101\u2013126). Bielefeld: transcript. <a href=\"https:\/\/doi.org\/10.1515\/9783839467428-006\" target=\"_blank\" rel=\"noopener\">https:\/\/doi.org\/10.1515\/9783839467428-006<\/a><\/p>\n","protected":false},"excerpt":{"rendered":"<p>Die Gesellschaft ist in eine Phase zugespitzter Infrastrukturkonflikte eingetreten. Die Beitr\u00e4ger*innen er\u00f6rtern aus polit\u00f6konomischer und diskursanalytischer Perspektive, was diese Konflikte in den Bereichen Wohnen, Gesundheitsversorgung und saubere Luft kennzeichnet und wie der Staat auf sie reagiert. Im Mittelpunkt steht die Frage, mit welchen Herausforderungen, Perspektiven und Konflikten derzeit bei der Versorgung mit \u00f6ffentlichen G\u00fctern gerungen [&hellip;]<\/p>\n","protected":false},"featured_media":4136,"template":"","meta":{"_acf_changed":true},"publication_category":[188],"class_list":["post-4137","publikation","type-publikation","status-publish","has-post-thumbnail","hentry","publication_category-veroeffentlichungen-der-assoziierten"],"acf":[],"_links":{"self":[{"href":"https:\/\/gewohnter-wandel.de\/en\/wp-json\/wp\/v2\/publikation\/4137","targetHints":{"allow":["GET"]}}],"collection":[{"href":"https:\/\/gewohnter-wandel.de\/en\/wp-json\/wp\/v2\/publikation"}],"about":[{"href":"https:\/\/gewohnter-wandel.de\/en\/wp-json\/wp\/v2\/types\/publikation"}],"wp:featuredmedia":[{"embeddable":true,"href":"https:\/\/gewohnter-wandel.de\/en\/wp-json\/wp\/v2\/media\/4136"}],"wp:attachment":[{"href":"https:\/\/gewohnter-wandel.de\/en\/wp-json\/wp\/v2\/media?parent=4137"}],"wp:term":[{"taxonomy":"publication_category","embeddable":true,"href":"https:\/\/gewohnter-wandel.de\/en\/wp-json\/wp\/v2\/publication_category?post=4137"}],"curies":[{"name":"wp","href":"https:\/\/api.w.org\/{rel}","templated":true}]}}

<p>Die Gesellschaft ist in eine Phase zugespitzter Infrastrukturkonflikte eingetreten. Die Beiträger*innen erörtern aus politökonomischer und diskursanalytischer Perspektive, was diese Konflikte in den Bereichen Wohnen, Gesundheitsversorgung und saubere Luft kennzeichnet und wie der Staat auf sie reagiert. Im Mittelpunkt steht die Frage, mit welchen Herausforderungen, Perspektiven und Konflikten derzeit bei der Versorgung mit öffentlichen Gütern gerungen wird und welche Rolle schwache Interessen in diesen Aushandlungsprozessen spielen. Es wird deutlich: Die öffentliche Kritik der Unter- und Fehlversorgung adressiert jeweils den Staat, der diese Kritik oft zurückweist, mitunter aber auch auf kommunaler Ebene aufnimmt.</p>



<p>Betz, J. (2023). Staatliche Strategien gegen Wohnungsnot. In J. Betz, H.-J. Bieling, A. Futterer, M. Möhring-Hesse &amp; M. Nagel (Hrsg.), <em>Konflikte um Infrastrukturen: Öffentliche Debatten und politische Konzepte</em> (pp 101–126). Bielefeld: transcript. <a href="https://doi.org/10.1515/9783839467428-006" target="_blank" rel="noopener">https://doi.org/10.1515/9783839467428-006</a></p>

<p>Die Gesellschaft ist in eine Phase zugespitzter Infrastrukturkonflikte eingetreten. Die Beiträger*innen erörtern aus politökonomischer und diskursanalytischer Perspektive, was diese Konflikte in den Bereichen Wohnen, Gesundheitsversorgung und saubere Luft kennzeichnet und wie der Staat auf sie reagiert. Im Mittelpunkt steht die Frage, mit welchen Herausforderungen, Perspektiven und Konflikten derzeit bei der Versorgung mit öffentlichen Gütern gerungen [&hellip;]</p>
